 - 19*z**3/3 - 17*z**2/2 - 65*z + 45. Let m be w(20). Let d(b) = -b**3 - 6*b**2 - 5*b - 6. What is d(m)?
-6
Let t(c) = -c**3 - 3*c**2 + 124*c - 140. Let i be t(9). Let s(y) = y**2 - 11*y + 23. What is s(i)?
-5
Let r = -2 - -9. Let q(p) = -p + 12. Let g be q(r). Let s(d) = 3*d**2 + 7*d + 10. Let t(m) = -7*m**2 - 15*m - 21. Let a(c) = 9*s(c) + 4*t(c). Calculate a(g).
-4
Let i(j) = j**3 - 8*j**2 + j - 1. Let v = -428 - -407. Let h be (-2064)/903*(v/(-2))/(-3). Calculate i(h).
7
Let s(i) = -6*i**3 - i. Let f be (11/((-22)/(-12)))/(4 - 2). Suppose -f*a + 15 = 3*m, -a = -9 + 5. Give s(m).
-7
Let y(p) = -p**2 - 9 + 4*p + p - 44 - p**2 + 49. Calculate y(2).
-2
Let i(y) = y - 1. Let d(q) = 16*q - 29. Let g be d(8). Let a = g - 94. Suppose a*r - 10 + 5 = 0. What is i(r)?
0
Let s be (308/(-176))/((9/27)/((-8)/6)). Let w(m) = 2*m**3 - 7*m**2 - 7*m - 2. Let p(t) = t**3 - 3*t**2 - 4*t - 1. Let a(z) = 7*p(z) - 4*w(z). What is a(s)?
1
Let u be 40/(-5) + 0 - -7. Let q be -15*u*24/40. Let a(n) = n**3 - 10*n**2 + 6*n + 11. Determine a(q).
-16
Let d(b) = 10*b + 5 + 6*b**2 + 0*b**3 - b**3 + 4. Let n be (-873 - -981)*2/27. What is d(n)?
-39
Let q = -1267 + 2966. Let j(k) = 1700 - k - q - k. Determine j(-4).
9
Let s(x) = -x**3 + 2*x**2 + 13*x - 13. Let q be 1350/630*(-21)/(-9). Calculate s(q).
-23
Let k(w) = -348 - 8*w + 7*w + 9*w + 26*w + 9*w. What is k(8)?
-4
Let b(n) = -5*n**2 - 32*n - 29. Let p(j) = -j**3 + 6*j**2 + 720*j - 5. Let m be p(30). Determine b(m).
6
Let c be -10 - (0 - (-57 + -8)/(-13)). Let y(h) = -h**2 - 10*h - 18. Give y(c).
7
Suppose 4*y = -y - 2*r + 15, 5*r = -4*y - 5. Let s(m) = -6*m**3 - 4*m**2 + 7*m - 7. Let h(q) = -q**3 - 1. Let v(t) = y*h(t) - s(t). Give v(-5).
12
Let g(o) = 29*o**2 - 37*o - 70. Let l be g(-2). Let v(c) = -l - 7*c + 230 - 105. Give v(4).
-23
Let c(y) = -4*y**3 - 19*y**2 - 28*y + 31. Let g(j) = -j**3 - 6*j**2 - 8*j + 10. Let n(x) = 2*c(x) - 7*g(x). What is n(3)?
1
Let g(k) = k + 7. Let z be (-3 + 5/2)*(-1 - 1). Let n be (-12 - (-18)/9)/(2 - z). Give g(n).
-3
Let d(m) = 568*m + 4 - 1108*m + 2*m**2 + 545*m + 6*m**2. Calculate d(3).
91
Let t be (-8)/(-10)*(-15)/(-6). Let j(y) be the first derivative of 4*y**2 + 646. Calculate j(t).
16
Let m(b) = b**3 + 2*b**2 - 3*b + 1. Suppose 4*d + 2*h = 38, -5*h = d - 2*h - 12. Suppose 0 = -d*g + 10*g + 3. What is m(g)?
1
Let x(a) = 10*a + 137. Let t be ((1/(-3))/((-99)/198))/(4/(-78)). What is x(t)?
7
Let d(z) = z - 3. Let m(t) = t - 2. Let w(r) = -6*d(r) + 7*m(r). Let h(p) = -2*p**2 + 1391*p - 19078. Let i be h(14). Calculate w(i).
8
Let r(b) be the first derivative of -17*b**3/3 + 5*b**2 + 14*b + 81. Let p(o) = -48*o**2 + 30*o + 42. Let n(v) = 6*p(v) - 17*r(v). Calculate n(-6).
-10
Let s(c) = 17688136*c - 17688123*c + 5 - c**3 + 0*c**3 - c**2. Give s(3).
8
Let h(z) = -58*z**3 - z - 1. Let i be h(-1). Let u = -40 + i. Suppose 5*o = u + 17. Let v(m) = -m**3 + 8*m**2 - 7*m - 4. Calculate v(o).
-4
Let x(g) = 307*g**2 - 10 + g - 308*g**2 - 3*g**3 + 12. Let u(j) = j**3 - 2*j**2 - 6*j - 4. Let y be u(-1). Determine x(y).
3
Let j(q) = -119 + 4*q**2 + q**2 + 273 - 4*q**2 - 21*q - 144. Give j(0).
10
Let a(i) = 5*i - 204. Let b(p) = 2*p - 71. Let z(x) = -6*a(x) + 17*b(x). Calculate z(-5).
-3
Suppose -596*u + 651*u - 440 = 0. Let b(h) = -h + 37. What is b(u)?
29
Let c be (-128)/(-26) + -17 + (-1110)/(-65). Let t(f) be the second derivative of -33*f + 0 - 1/6*f**4 - 1/20*f**c + 5/2*f**2 + 7/6*f**3. Give t(-4).
9
Let m(j) = j**3 - 5*j**2 + 8*j - 26. Suppose -4*v + 28 = 4*k, -30 = -4*k + 8*v - 13*v. Determine m(k).
14
Let f(v) = 152*v + 3. Let m be f(-2). Let k = m - -307. Let x(p) = p**3 - 6*p**2 - p + 7. Determine x(k).
1
Let y be (6/(-8))/(2/(-32) + 2890/(-2720)). Let b(w) be the first derivative of -1/2*w**2 + 4*w - 41 + y*w**3. What is b(3)?
19
Let o(v) = v**3 - 29*v**2 - 26*v - 122. Let d be o(30). Let s(q) = -q**3 - 8*q**2 + 13*q + 5. Let l(y) = -y. Let i(u) = d*l(u) - s(u). Calculate i(-9).
13
Suppose 5*y = -17*y + 3784. Suppose y = -22*n + 18. Let w(i) = -i - 9. What is w(n)?
-2
Let v be ((-891)/(-44) - 21) + 26/(-8). Let q(m) be the second derivative of -m**5/10 - 7*m**4/12 - m**3/2 + 2*m**2 + 14*m. Calculate q(v).
32
Let h(t) = -129*t - 34. Let r(m) = -23*m - 7. Let s(v) = -2*h(v) + 11*r(v). Calculate s(0).
-9
Suppose 97*i = -8 + 9 - 1. Let l(r) be the third derivative of -10*r**2 + 1/12*r**5 + 0 - 1/4*r**4 + 1/120*r**6 + i*r + 1/3*r**3. Give l(-6).
2
Let o be (-6)/11 + (-1677)/(-473). Suppose 0 = 5*b + 4*v + 10, -4*b + o*v - 17 = 22. Let x(p) = p**2 + 5*p + 1. Calculate x(b).
7
Suppose -5*t - 2*h = -50, 16*h = 3*t + 17*h - 29. Let z(d) = -2*d**2 - 13*d + 10. Let b(q) = -3*q**2 - 12*q + 11. Let f(y) = -4*b(y) + 5*z(y). Determine f(t).
-2
Let k be 8*2/(-4) - 24/(-4). Let y(l) = -33*l**3 - 9*l**k - 10*l - 50 + 39 + 32*l**3. Calculate y(-8).
5
Let n(d) = 22*d - 3. Suppose 15*a = -84*a + 4*a + 95. What is n(a)?
19
Let c(j) = j**2 - 4*j - 12. Let z(v) = -v**2 + 69*v - 256. Let k be z(4). Determine c(k).
-12
Let h be 1 + (-2 + 3 - 10). Let r be (-6)/(-4)*h/6. Let s(u) = -u**3 - 30*u**2 - 91. Let m(y) = y**2 + 3. Let z(p) = 30*m(p) + s(p). Determine z(r).
7
Let v(t) be the third derivative of t**6/120 + t**5/5 - 3*t**4/8 - 9*t**3/2 + 6172*t**2. Calculate v(-12).
81
Let n(f) be the third derivative of f**5/60 + 19*f**4/24 + 41*f**3/3 - 2*f**2 - 2*f - 19. Determine n(-12).
-2
Let b(i) be the third derivative of 11*i**4/12 + 17*i**3 - 2*i**2 + 15*i + 41. Give b(-5).
-8
Let o(q) be the first derivative of -q**5/15 - q**3/6 + 21*q**2/2 - q - 60. Let v(m) be the second derivative of o(m). Give v(-1).
-5
Let f = 3524 - 3522. Let w(o) = -8*o**2 - 5*o + 6. Calculate w(f).
-36
Let a = 803936 + -803937. Let d(z) be the first derivative of -6*z**2 - z - 1. What is d(a)?
11
Let q(o) = 3*o + 3. Let h be ((-6)/4)/1 + 462/44. Suppose -2*r - 2*a = -8, a = -5*r + h + 3. Let s be 5*(r + -4 + 1). Give q(s).
-12
Suppose -5646*g - 41 = -5670*g + 31. Let i(y) = 4*y**2 + 3*y - 19. Give i(g).
26
Let d(b) = -2*b - 16. Suppose 0 = r - 4*y + 28, 38*r - 36*r + 5*y = 9. Determine d(r).
0
Let d be (5/(-3))/((-75)/90). Let o(n) = -294*n + 139*n + 149*n - n**d - 5 + 0*n**2. Determine o(-5).
0
Let s be ((-8)/6)/((-76)/285). Let x(f) = 2 - f + s*f + 3*f. Give x(-3).
-19
Let z(m) = -9*m**2 + 126*m + 9. Let k be z(14). Let y(a) = a**2 - 15*a + 22. What is y(k)?
-32
Let m(z) be the third derivative of 11*z**8/3360 - z**5/120 - z**4/4 + 11*z**3/6 + 4*z**2 - 3*z. Let c(a) be the second derivative of m(a). Give c(1).
21
Let v(k) be the first derivative of -k**2 - 8*k - 1. Let r(g) = -16*g + 116. Let y be r(6). Suppose -y*a = -16*a + 28. Determine v(a).
6
Let b(t) be the first derivative of 3/2*t**2 + 4/3*t**3 + 4*t + 1/4*t**4 - 94. What is b(-3)?
4
Let d(k) = -k**3 - 7*k**2 + 4*k + 2. Let n(f) = -3*f**3 - 22*f**2 + 11*f + 5. Let h(u) = 8*d(u) - 3*n(u). Let r(i) = 49*i - 59. Let c be r(1). What is h(c)?
11
Let a(o) be the first derivative of -15*o**2/2 - 48*o + 1170. Give a(-5).
27
Let l(r) be the second derivative of 1/3*r**3 + 0 + 2*r**2 - 2*r. Suppose -5*a + 30*b - 28*b - 1 = 0, -2*a + 3*b = -15. What is l(a)?
-2
Let o(r) = 51*r - r**2 - 6*r + 10902 - 10995. What is o(2)?
-7
Let l(o) = o - 1. Let z(s) = -5*s**2 - 12*s - 6. Let y be z(-9). Let f = y + 308. Calculate l(f).
4
Let z(m) = -6*m**2 - 9*m - 138. Let j(d) = -7*d**2 - 8*d - 164. Let s(y) = -4*j(y) + 5*z(y). Give s(-4).
-14
Let j(q) = -3 - 25 + q**2 + 0*q**2 + 15 + 8*q + 35. Calculate j(-4).
6
Let j(f) = 9*f - 39. Let o be (-70)/945 + 382/54. Give j(o).
24
Let d(t) = t**3 + t**2 - t - 4. Let s(j) = j + 34. Let o(r) = 2*r + 71. Let z(q) = -3*o(q) + 5*s(q). Let n be z(-43). Determine d(n).
-4
Let f be 3/(-9) - 750/(-9). Let w = f - 81. Let x(i) = 2*i - 11*i**2 - 3*i + 3*i**2 + 3 - w. Determine x(1).
-8
Suppose 1 = -4*x - 3, 4*t - x + 23 = 0. Let f(c) = 6*c + 57802 - 57808 - 3*c**2 - 2*c**2 - c**3. What is f(t)?
-6
Let a = -2993 - -2988. Let u(l) = l + 2. Give u(a).
-3
Let q(h) = h**3 + 4*h**2 - 5*h - 3. Suppose -i + 20 - 25 = 0. Let w be q(i). Let m(n) = n**3 + 2*n**2 - 2*n - 2. What is m(w)?
-5
Let z(p) = -p**2 + 3*p + 6. Suppose 5*d + 21 = 6. Let w(x) = 5*x**2 + 7*x + 3. Let f be w(d). Suppose -3*n + f = 3*m, -8*m + 15 = -3*m. Give z(n).
-12
Let q(s) = 18*s + 62. Suppose 2*i - 